- -6) + -2 + -8?
-3
(6 - (2 + 2)) + -4
-2
What is 0 - 3 - (-4 + 10 + -7)?
-2
(2 - 2) + 6 + -2
4
What is the value of 9 + (12 - 19) - 11?
-9
What is the value of 5 + 1 + (-4 - 3)?
-1
What is 3 + (-10 - -12 - (0 - 0))?
5
Calculate -1 + 12 - (-6 + 12).
5
Calculate 12 + (9 - (26 - 12)).
7
Evaluate 5 + (0 - 6) + -14 + 10.
-5
14 + -5 + -4 + -2
3
What is the value of -8 + 8 + -3 + 5 + -6?
-4
0 + 7 - (7 + 1)
-1
What is the value of 7 - (-2 + (1 + 6 - 1))?
3
4 + (-13 - -10) + 1 + 3
5
What is the value of (-35 - -36) + 2 + 1?
4
Calculate -5 + 4 + 1 + -6 + 7.
1
Evaluate (-19 - -9) + (-2 - -7).
-5
What is the value of 0 + 5 - (-6 + -3 - -7)?
7
Calculate -7 + 5 + 2 - (-1 - 4).
5
Calculate 0 - -3 - (-1 + -3 - -9).
-2
Evaluate (-4 + 3 - 0) + -61 + 54.
-8
What is -10 + 11 + -4 - (-7 - 0)?
4
What is the value of (3 - (4 + 2 + 0)) + -3?
-6
What is the value of 2 - (-5 + 6) - (1 - -1)?
-1
What is -2 + 11 - -4 - 5?
8
Calculate -5 + 5 + (1 - (1 + 0)).
0
What is -2 + -2 + 2 + -3 + 5?
0
Calculate -10 - -8 - (0 + -2 + 1).
-1
What is (8 - 6) + (0 - (3 - 3))?
2
What is 4 + (-11 - -14) + -5?
2
What is the value of -2 + (3 - (3 - 2 - -2))?
-2
What is the value of 23 + -31 + 9 + -1?
0
What is the value of 0 + (15 - 1 - (14 - 7))?
7
-4 + 13 + -2 - 9
-2
What is the value of 5 - (2 + (-3 + 6 - 9))?
9
Evaluate (0 + 2 - 0) + (-140 - -137).
-1
(4 - -1) + -3 + -1
1
(-1 - 1) + (-3 - -3) + 3
1
What is the value of 6 - (-6 + 6 - (-2 - -1))?
5
What is -8 + 7 + -2 + -1?
-4
What is the value of 14 + -1 + -11 - 11?
-9
What is 7 + (-5 - -5) + (-6 - -2)?
3
What is the value of (0 - -1) + -6 - (-2 + 1)?
-4
3 - (-3 + (-2 - -4))
4
What is the value of -1 - -1 - 4 - 1?
-5
Evaluate 1 - (-1 - (0 + 0)) - 3.
-1
What is 11 + -6 + 9 + -21?
-7
3 + -3 + (7 - 11)
-4
Evaluate 1 - (-3 - (-5 - -2)).
1
What is the value of 1 + 5 + -34 + 23 - 0?
-5
Evaluate -9 + (-4 - -6) + 2.
-5
What is the value of (1 - (1 - (2 - -1))) + 0?
3
What is 1 + 6 + -5 + -4?
-2
Calculate -1 + (-2 + -1 - 2 - -8).
2
What is (4 - 4 - -1) + 2?
3
What is the value of -5 - (13 - 10 - 3)?
-5
What is the value of 1 - (2 + (1 - 3))?
1
Calculate 10 + -9 + -15 - -10.
-4
Calculate 81 + -82 + -2 + -1.
-4
Calculate (8 + -5 - 4 - -2) + -4.
-3
(-6 + 2 - -8) + -18 + 14
0
Evaluate 4 + 2 + -5 + (3 - 5).
-1
What is the value of (-18 - -16) + (-1 - 6)?
-9
Calculate 4 + -7 + 16 + -5.
8
(4 + -1 - 4) + -1
-2
What is -8 + 0 + 8 + (1 - -3)?
4
Calculate 1 - 9 - (2 - 8).
-2
Calculate (3 - 6) + 1 + 4.
2
1 + -15 - (-14 - -2)
-2
-1 + -4 - 0 - (-14 - -3)
6
What is the value of -5 + 6 + (-1 - -3)?
3
What is the value of -1 + 0 + 3 + 4 - 1?
5
What is the value of (-3 - 1) + 2 - (-9 - -9)?
-2
Evaluate -15 + 8 + (0 - -6) + 0.
-1
Evaluate (7 + -6 - -5) + -1.
5
What is -14 + 8 + -4 + 18?
8
(0 + 5 + -5 - -3) + -3
0
(2 - (-1 + (-1 - -10))) + 3
-3
What is -10 - (4 - (14 - 5))?
-5
What is 6 + (0 + -9 - -2) + 0?
-1
Calculate 10 + -2 + -1 + -5.
2
What is (6 - 7) + -2 - -2?
-1
What is -19 + 27 - (6 + -1)?
3
(6 - 6 - 4) + 11
7
What is the value of -5 - (5 + -3 - 8) - 2?
-1
What is the value of (-4 - -3) + 8 - 3?
4
Evaluate -6 - (-7 - -3) - (-1 - 0).
-1
Calculate 22 - 18 - (-7 - -21).
-10
(23 - -4 - 22) + (-1 - -5)
9
Calculate (-1 - -4) + -32 + 18 + 7.
-4
Evaluate 4 + (-2 - -4) - (-15 + 16).
5
Calculate 2 + 2 + -5 - (-25 + 21).
3
64 + -62 - (4 - 0)
-2
21 + -16 + (-1 - 6)
-2
What is 0 - (-5 + 4 + 3 + 3)?
-5
Evaluate 6 + (11 - 9) - 12.
-4
4 + 2 + (-3 - 1)
2
What is (-1 - 2 - -1) + 1 + -2?
-3
-4 - (0 - (0 + 2))
-2
What is 5 + (-4 - 1 - 1)?
-1
Evaluate -11 - -14 - (2 + -4).
5
What is the value of 0 + 5 - (7 - 2)?
0
Evaluate 17 - ((0 - -1) + 10).
6
What is 12 + -10 + -2 - 10?
-10
Evaluate 2 + 2 - 14 - -13.
3
-2 - (1 - (-2 - -3))
-2
Calculate 5 + -5 + -3 - 1.
-4
What is the value of 9 - (5 + -9 - -4)?
9
What is 3 - (-2 - (1 + (-1 - 9)))?
-4
Calculate 7 + (7 - (2 - -14)).
-2
What is the value of (-16 - -11 - (-1 + 2)) + 12?
6
Evaluate 4 + (-4 - -2) + (2 - 1).
3
Evaluate 5 + -2 + -3 + -3.
-3
Evaluate 3 - 9 - (19 - 19).
-6
What is 0 - (4 - -1 - (1 + 5))?
1
What is -5 + 4 + -7 - -5?
-3
What is (4 - 1 - -2) + (-37 - -40)?
8
What is -2 + (-2 - (2 - 3))?
-3
What is the value of -6 + 3 - 2 - (-2 + 0)?
-3
What is the value of 0 + -11 + 9 - 7?
-9
Evaluate 2 + (-1 - -2) + (21 - 24).
0
Calculate 0 - -9 - (14 + -7).
2
(-10 - 2) + 2 - -5
-5
Evaluate -1 + 3 - 0 - 2.
0
What is (1 - (1 + -7)) + -1 + 0?
6
Calculate (1 - 6) + (-2 - -7) - 3.
-3
Calculate (0 - (0 + -5)) + (-1 - -1).
5
What is the value of 5 - ((-4 - -10) + 0)?
-1
What is -5 + 13 + -6 + -5 + 2?
-1
Calculate -5 - -4 - (2 + -2).
-1
What is -8 + 9 + 0 + -3 + 2?
0
What is the value of -8 + 20 - (-4 + 11)?
5
What is (8 - (5 + -4)) + -9?
-2
Calculate (3 - -1 - (-16 + 20)) + 5.
5
What is -5 + 1 + 2 + 2 + -3?
-3
Calculate 5 + (1 - 10) + 10.
6
Calculate (0 - (-3 + -1 + 5)) + 7.
6
What is the value of 10 + (-4 - (-9 - -10))?
5
Evaluate 0 + -1 + 1 + -2 + -1.
-3
Evaluate (-2 - 0) + 99 + -102.
-5
Evaluate (-1 - 1) + (25 - (15 - 0)).
8
What is 3 - (4 - -4 - -1)?
-6
What is the value of -6 - ((-6 - -8) + -5 - 1)?
-2
(-2 - (-2 + -3)) + -3
0
0 + 1 + 1 + 19 + -22
-1
-4 - -7 - (1 + 0) - 4
-2
What is 1 - -5 - (43 + -39)?
2
Calculate -19 + 13 - (-12 + 2).
4
Calculate -45 + 40 - (0 + -7).
2
Evaluate -2 + 6 + -16 + 13.
1
What is 3 + -8 - (13 + -9)?
-9
What is 2 + 1 + -3 - -3?
3
What is -5 - (-7 + -2 - -10)?
-6
17 + -11 + (-3 - 4)
-1
Calculate 2 - (2 + (-1 - 0)) - -1.
2
What is the value of -3 - (-9 - (2 - 4))?
4
(1 - 0) + 0 + 2 + 2
5
What is the value of -4 + (10 - 2) + 0?
4
6 + 0 - (4 + (-2 - 0))
4
Calculate 8 + 0 + -8 + 5.
5
Evaluate 3 + 7 + -6 + 0.
4
What is the value of -4 - (-1 + 2) - -5?
0
What is the value of 0 + 7 + -2 + (3 - 2)?
6
What is 3 - -4 - (0 - -4)?
3
What is the value of -2 - -11 - (4 + 0)?
5
13 + -15 - (-1 - (0 - -3))
2
Calculate -5 - (-7 + -1) - 8.
-5
0 + (-5 - (0 + -6 + 5))
-4
Calculate -2 - ((2 - 13) + 6) - 4.
-1
11 + (-4 - -6) + -9
4
Evaluate 1 + (-6 - (-5 + 5)) + 4.
-1
What is -8 + (-9 - -16 - 7)?
-8
What is -5 + (-4 - (4 - 12))?
-1
Calculate (23 - 18) + (-3 - -2 - 0).
4
Evaluate 0 - (-3 + 5) - (4 - 4).
-2
What is the value of (-13 - -10 - 4) + (0 - -6)?
-1
Evaluate 2 + (0 - -1) + -66 + 69.
6
Evaluate 4 - (-3 + 6 - 2).
3
What is 0 + -6 - (-1 - -2 - 3)?
-4
What is 0 - -7 - (-7 + -3 + 21)?
-4
1 - (-4 + 9 + -3)
-1
0 + 3 - (-20 - -28)
-5
-2 + (7 - 9) - -3
-1
What is (3 - (5 - -7)) + 16?
7
What is the value of -2 + (-4 - 2 - (-14 + 15))?
-9
Evaluate -2 + (-4 - (-4 - 2)).
0
What is 3 + -3 + -2 - (3 + -2)?
-3
What is the value of -18 + 17 + -2 + 1 + 0?
-2
What is the value of (1 - (7 + -8)) + 0 + 2?
4
(-2 - 10) + -34 + 39
-7
What is -8 + (1 + -8 - -8)?
-7
Evaluate 5 + -11 + 2 - (0 + -5).
1
Evaluate 0 + -5 - (-7 + 5 + -5).
2
What is the value of -4 + -5 + 7 + 5?
3
What is the value of -5 - (3 - (2 - -6)) - -2?
2
Evaluate -3 + 5 + 1 + -7.
-4
What is 8 + -7 + -14 + 6?
-7
Evaluate (-4 - (3 + -12)) + (-4 - 1).
0
What is the value of 5 - 5 - (-3 - -6)?
-3
What is the value of 3 + -3 - (0 + -2 - -1)?
1
What is -7 - -15 - 19 - -4?
-7
What is the value of -4 + -8 - (-12 + 5)?
-5
(22 - 9) + (0 - -1 - 7)
7
Calculate -1 - (-7 - (2 - 3)).
5
Calculate -5 - -4 - (-7 - -1).
5
What is 4 - (-2 - (-10 + 4))?
0
Calculate 4 + (4 - 1) + 3 + -5.
5
What is the value of -3 - (4 - 8 - -1) - 1?
-1
-4 - (-13 + (3 - (4 - 10)))
0
-10 + 1 - (-14 + 9)
-4
What is -4 - (-2 + 0 + (-4 - -2))?
0
Evaluate (-4 - (2 - (11 - 7))) + 3.
1
Evaluate -7 - ((3 - -1) + -6).
-5
Calculate 0 - 7 - (24 - 30).
-1
What is -2 + -1 + (-6 - (7 + -15))?
-1
15 + -13 - (-5 + 3)
4
Evaluate -2 + 1 + (-1 - -6).
4
What is the value of -7 - (4 - (11 + 2))?
2
What is 3 - (-8 + (-2 - -17))?
-4
Evaluate -9 - (-7 - 10) - 2.
6
-20 + 22 + -3 + (2 - 2)
-1
4 - (2 + 0 + -1)
3
Evaluate -3 + 7 + -3 + -1.
0
Calculate (6 - (0 + 11)) + 9.
4
Evaluate 31 + -22 + (-4 - 1).
4
Evaluate 6 + 2 + (2 + 3 - 7).
6
What is 7 - (-2 + 5 + -1)?
5
What is (-12 - (-24 + 10)) + 6?
8
Evaluate 3 - (2 + -3) - 8.
-4
Evaluate -10 + (14 - 7) - -4.
1
(-4 - -6 - (-2 - 2)) + -6
0
What is the value of 3 + -1 + -1 - (-7 + 5)?
3
Calculate (-4 + 8 + 0 - 10) + -4.
-10
What is the value of -2 - (-1 - (2 - 4))?
-3
Evaluate 7 - 4 - 0 - 4.
-1
Evaluate 8 + -4 - (9 - 4) - 1.
-2
What is (-6 - (-4 + -1 - -4)) + 6?
1
Calculate 0 + (10 + -3 - 6) + -9.
-8